 5*j - 3. Suppose -2*a + 5*a = -5*b - 19, a - 3 = 3*b. Let k be z(b). List the prime factors of 1/(5*k/450).
2, 3, 5
Suppose 4*o = -20, -x + 18*o = 17*o - 13. Suppose x*l - 2423 = 7465. List the prime factors of l.
2, 3, 103
Let x = -12732 - -21952. Suppose -x = -17*c + 12047. What are the prime factors of c?
3, 139
Suppose 0 = l + 2, -67*r + 84205 = -66*r + 3*l. List the prime factors of r.
84211
Suppose 9*a = 7679 + 33091. Suppose 8*u - a = -7*u. What are the prime factors of u?
2, 151
Let f be 87/(-4) + (-3)/(-4). Suppose 8*x = 9*x - 1, -3*x = 5*w + 502. What are the prime factors of w/(-2) + f/14?
7
Let k = 42808 - 25527. What are the prime factors of k?
11, 1571
Let f be (-4 - (-966)/(-9)) + (-2)/(-6). Let h = -52 - f. What are the prime factors of h?
59
Let l(t) = -3*t + 25. Let y be l(8). Let x(k) = 274*k**3 + 2*k**2 - k. List the prime factors of x(y).
5, 11
Let v(n) = -121*n**2 - 13*n - 2. Let g(s) = 60*s**2 + 6*s. Let i(a) = 9*g(a) + 4*v(a). List the prime factors of i(-4).
2, 5, 11
List the prime factors of (-8700 + 0)*(-114)/1197*77.
2, 5, 11, 29
Let c(p) be the first derivative of -p**3/3 - 9*p**2/2 + 6*p + 2. Let k be c(-7). Suppose -4*h + k = -20. What are the prime factors of h?
2, 5
Suppose -3*a = c - 157918, 2516*c - 2512*c - 210544 = -4*a. What are the prime factors of a?
3, 5849
What are the prime factors of 672/504 + 119850/9?
2, 6659
Let b(q) = -25*q - 193. Let l be b(-8). Let i be 1*41 + -5 + 5. Suppose -l = -k + i. List the prime factors of k.
2, 3
Suppose 11*c + 78 = 2*p + 14*c, -5*c = -4*p + 134. Let l(k) = 15*k + 258. List the prime factors of l(p).
2, 3, 7, 19
Let p = 6384 - -46658. What are the prime factors of p?
2, 11, 2411
Let s(f) = -f**3 - 38*f**2 + 52*f - 33. What are the prime factors of s(-41)?
2, 1439
Let n = -81 - 5. Let l = n - -218. Suppose 0 = -w + 4*w - l. List the prime factors of w.
2, 11
Let u(p) = -2*p**3 - 2*p**2 - 35*p + 30608. List the prime factors of u(0).
2, 1913
Let p = -21545 - -43052. List the prime factors of p.
3, 67, 107
Let i(b) = -b**2 + 3*b - 3316. Let y be i(0). Let o = -2230 - y. Suppose -o - 111 = -9*a. List the prime factors of a.
7, 19
List the prime factors of 74*(1 - -3*1232/24).
2, 5, 31, 37
Let u be (-30)/24*114*(-2)/(-3). Let j = 162 + u. Let h = j - 8. List the prime factors of h.
59
Suppose -n + 22991 = 4*a + 4495, -3*a = -11*n + 203597. What are the prime factors of n?
2, 7, 661
Let m(p) = -p**3 + 9*p**2 + p - 6. Suppose -5*n = b + 7 - 4, -5*b - 2*n + 100 = 0. Let h be 136/b + (6/11)/(-3). What are the prime factors of m(h)?
2, 3
Let b = -52 + 52. Let m be 1*(-5 - -2) + 6 + b. Suppose -5*q + 410 = n - 2*n, 0 = -m*q + 5*n + 224. What are the prime factors of q?
83
Let c(z) = 114*z + 30 + 220*z - 501*z. What are the prime factors of c(-4)?
2, 349
List the prime factors of (-252)/70*(-4445)/3.
2, 3, 7, 127
Let b(a) = 316*a - 2433. List the prime factors of b(19).
3571
Let s(f) = f**2 + 43*f + 457. Let o be s(-24). Suppose -2*r + r - 1 = 0. What are the prime factors of r + o - -1 - -61?
2, 31
Suppose -4*n - 16 = 8. What are the prime factors of n/9*-3 - (-1656)/12?
2, 5, 7
Suppose 4*f + 3*b + 3 = f, 0 = 2*f - b - 13. Suppose -5*n - 5*r = -2250, -6 - 2 = f*r. List the prime factors of n.
2, 113
Let r = 18540 - 3317. List the prime factors of r.
13, 1171
Let m(z) = 2*z**3 - 152*z**2 - 178*z - 476. What are the prime factors of m(78)?
2, 29, 43
Let x be (1 - 35)*(10 + -8). List the prime factors of (374/x)/((-1)/98).
7, 11
Suppose -5160 = -3*s + 3*j + 14994, -s + 6714 = j. List the prime factors of s.
2, 23, 73
Suppose 0 = 5*l - b - 5583, 0 = -l + 4*l + 2*b - 3342. Suppose 0 = -3*g + 2*v + 1101, 5*g + 3*v - l = 2*g. What are the prime factors of g?
3, 41
Suppose -26548 = -4*n + 4*q, -96 - 6531 = -n - q. List the prime factors of n.
2, 829
Suppose 0 = 3*a - 2*a + 6. Let c be a/(-27) - 34/(-9). Suppose 4*s - 12 = 0, l - 3*l + c*s = -206. List the prime factors of l.
109
What are the prime factors of 12 - 5 - ((-2)/2 - 548*85)?
2, 19, 613
Let a = 220 + -215. Suppose -3983 = -12*f + a*f. What are the prime factors of f?
569
Let v(w) = -6*w - 25. Let a be v(-5). Suppose -2*k - a*y = -214, -535 = -5*k + 67*y - 72*y. What are the prime factors of k?
107
Suppose 3*k - 404 = 274. Let n = -120 + k. Suppose 4*q - s - 145 - n = 0, -3*q - 3*s + 207 = 0. List the prime factors of q.
2
Let s = 12950 - 2878. List the prime factors of s.
2, 1259
Let a(i) = -i. Let c(q) = -122*q + 93. Let n(f) = 4*a(f) - c(f). List the prime factors of n(8).
23, 37
Suppose -12*x = 19*x - 35*x. Suppose x = -33*g + 30*g - 9, 0 = 5*z - 4*g - 3197. List the prime factors of z.
7, 13
Suppose 2*o - 10 = 0, 2*o - o - 181 = -2*t. Suppose 5*i + 3*k = -t, -i = 4*k - 0 + 4. What are the prime factors of ((-180)/50)/(-2*(-3)/i)?
2, 3
Suppose 7*q - 1299837 = -70*q. List the prime factors of q.
3, 17, 331
Let o = 468 + 6922. What are the prime factors of o?
2, 5, 739
Let i(d) = -d**2 + d + 96. Let a(b) = b**3 - 6*b**2 + 6*b + 479. Let f(x) = -2*a(x) + 11*i(x). Let s be f(0). What are the prime factors of s/((-6)/(-9)*1)?
3, 7
Let z = -151 + 104. Suppose 0 = 12*n - 11*n + 86. Let w = z - n. What are the prime factors of w?
3, 13
Suppose 34*u = 4*c + 31*u - 4757, 0 = c + 4*u - 1213. What are the prime factors of c?
1193
Let x(t) = 39*t - 49. Let z be x(-4). Let o = 388 + z. What are the prime factors of o?
3, 61
Let v be (0/(-5))/(-5 - -7). Suppose v = -85*x + 80*x + 1530. List the prime factors of x.
2, 3, 17
Let u be -1 + 0 + (-195)/(-15). Suppose 0 = -4*c, 4*b - 3*c - u - 752 = 0. What are the prime factors of b?
191
Let w(h) = -7*h + 22. Let x be w(-2). List the prime factors of x/4 - (-9890)/5.
1987
Let l(p) = -p**3 + 45*p**2 + 19*p - 160. Let c be (6 - 2) + 1 - (1 - 41). List the prime factors of l(c).
5, 139
List the prime factors of ((-243660)/(-36) - 12/9)/1.
67, 101
Let n be ((-30)/40)/(6/(-16)) - -3. List the prime factors of (-8448)/(-27) + (-88)/18 + n.
313
List the prime factors of (7/(-4))/(-8*21/395136).
2, 3, 7
Suppose 198 = -2*g + 3*d, -330 + 39 = 3*g - 3*d. What are the prime factors of (155/93)/(0 + (-1)/g)?
5, 31
Suppose -a = -18*a + 7*a + 9500. What are the prime factors of a?
2, 5, 19
Let z = -674 - -3398. What are the prime factors of z?
2, 3, 227
Let y(d) = 146*d**3 - 7*d**2 + 2*d + 38. List the prime factors of y(4).
2, 4639
Let y(u) be the third derivative of 117*u**6/40 + u**4/8 - u**3/3 - 3*u**2 - 5*u. List the prime factors of y(1).
2, 11
Suppose 0 = -3*k + 3 + 3. Let q(o) be the third derivative of o**6/10 - o**5/30 - o**4/12 + o**3/6 + 2*o**2 - 6. List the prime factors of q(k).
5, 17
Suppose 4*b - 15 = 17. Let t be (-2 - -3)/((-10)/(-12) - 1). List the prime factors of -3*((-330)/(-20))/(t/b).
2, 3, 11
Let j = -10097 + 16070. List the prime factors of j.
3, 11, 181
Let u(k) = 25*k**2 + 61*k + 164. List the prime factors of u(-19).
2, 5, 11, 73
Let g = 4444 + -1726. What are the prime factors of g?
2, 3, 151
Let o(p) = -p**3 + 2*p**2 + 3*p - 1. Let g be o(-7). Suppose -11*s + g + 472 = 0. Suppose 86*f - 885 = s*f. List the prime factors of f.
3, 59
Let j = 61 - 64. Let y(p) = 4*p**2 - 9. Let o be y(j). Let b = o + 43. List the prime factors of b.
2, 5, 7
Suppose -2*r = -4*r - 5*g + 20, 4 = g. Let d be (-7)/21 + 608/6. Suppose b = 4*i - 91, -6*i + 2*i - b + d = r. What are the prime factors of i?
2, 3
Let q(n) = n + 2. Let s be q(1). Suppose m - s*l - 193 = 0, 4*m = -2*l + 251 + 549. What are the prime factors of m?
199
Suppose -5*w = -3*g - 2, -7 = 2*w - 7*w - 2*g. What are the prime factors of (w + -4)/(90/(-34620))?
2, 577
Suppose 4*d - 5*x - 14 = 3, -3*d + 13 = -4*x. Suppose -d*u + 2*u = 3*c - 284, -5 = -c. What are the prime factors of u?
269
Suppose 5*a - 1 = 4*m, -3*a + 1 = -0*a - 2*m. Suppose 5*x - 15 = -s, -2*x = -4*s - 29 + a. Suppose x*f - 97 = 235. What are the prime factors of f?
83
Suppose -3*q + 38122 = -5*p, -61*p + 12724 = q - 66*p. What are the prime factors of q?
3, 17, 83
Suppose 2435*i = 2428*i + 62377. List the prime factors of i.
7, 19, 67
Let r be 3 + (16/6 - 2/3). Let t(w) = -6*w + 11*w + 24 + 4*w + 6*w. List the prime factors of t(r).
3, 11
Let o(u) = -97*u + 1. Suppose 4*b + 3*i = -5, 15*i = -3*b + 17*i - 25. List the prime factors of o(b).
2, 3
Suppose o - m = 21